) = -2*q**2 - 4*q - 5. Let n(a) = 3*a**2 + 4*a + 5. Let f(x) = -4*i(x) - 3*n(x). Let l be f(4). Suppose -u = -2*u + l. List the prime factors of u.
5
Let o(x) = 23*x**2 - 2*x + 148. What are the prime factors of o(13)?
19, 211
Let u = -145 - -267. Let b = u - 63. List the prime factors of b.
59
Let o = 6 - 3. Suppose o*m + m = 72. Suppose 2*p - p = m. What are the prime factors of p?
2, 3
Suppose 3*d - 79 = -2*a, 0 = 3*d - 6*d + 15. Let k = -29 + a. List the prime factors of k.
3
Let p = 17 + -12. Suppose 0 = -4*r + l + 550, 0*r + 3*l - 696 = -p*r. List the prime factors of r.
2, 3, 23
Let g = 13 - 8. Let t be (-6)/(-2) + 15/g. Suppose -t*v + v = -110. List the prime factors of v.
2, 11
Let m(c) = 7*c**2 + 13*c - 9. List the prime factors of m(7).
5, 17
Suppose 111 = 2*r - 169. Suppose -4*y = y + r. Let i = y - -46. List the prime factors of i.
2, 3
Let m = -11 + 8. Let t be (m/(-2))/(33/44). Suppose -z + 5 = -t*f, -2*z + 5*f = -0*z - 8. List the prime factors of z.
3
Let n = -162 - -240. Let m = 54 - 50. Suppose 142 + n = m*j. List the prime factors of j.
5, 11
What are the prime factors of ((-2)/(-6))/((-109)/(-346620))?
2, 5, 53
List the prime factors of ((-1760)/(-24))/((-1)/(-6)).
2, 5, 11
What are the prime factors of 3*92 + (-5 - (-8)/1)?
3, 31
Suppose 0 = -5*z - 5*k + 20, 0*k = 5*z - 4*k - 2. Suppose 0 = 3*t - z*t + 3*v + 2, 5*v = 15. Let d = t - -24. List the prime factors of d.
13
Suppose -2*c = 7*c - 21114. List the prime factors of c.
2, 3, 17, 23
What are the prime factors of (-8 + (7 - 0))*-587?
587
Let g = -26 + 24. Let q be (45/27)/(g/(-12)). Suppose q*o = 11*o - 43. List the prime factors of o.
43
Suppose -1277 - 4963 = -6*a. What are the prime factors of a?
2, 5, 13
Let y be (-3)/2 - -2*3/4. Suppose y = -8*w + 120 - 16. What are the prime factors of w?
13
Suppose 41 = -2*q + 22*s - 17*s, 2*q + 3*s = -33. Suppose 0 = 5*c - 3*c + 2050. List the prime factors of (-4)/q + c/(-45).
23
Let c(k) = -k**3 + 19*k**2 - 7*k + 39. What are the prime factors of c(16)?
5, 139
Suppose 3*j + 796 = -1175. Let c = -462 - j. What are the prime factors of c?
3, 5, 13
Let n(l) = 17*l + 4. Let p(v) = 16*v + 5. Let f(w) = 5*n(w) - 4*p(w). List the prime factors of f(3).
3, 7
Suppose 4*v + 10 - 43 = -3*x, 0 = -x - 5. List the prime factors of 113 - (1 - -1)*v/(-8).
2, 29
Let n = -93 - -184. Let w = -48 + n. What are the prime factors of w?
43
Let q = -15 + 13. Let s = 52 - 58. What are the prime factors of (55 - 3) + s/q?
5, 11
Let x be (-24)/30 + 108/10. Suppose 6*g - x = 2. Suppose 70 = g*p - 32. What are the prime factors of p?
3, 17
Let d be (-5)/(2*(-2)/4). Suppose 0 = -3*o + d*z - 0*z + 36, 0 = -o - 2*z + 23. Let f = 1 + o. List the prime factors of f.
2, 3
Suppose 795 = 4*o + z, -2*o - 2*z = o - 590. Suppose -o = -2*v - 2*i, -2*v = -0*i - i - 200. What are the prime factors of v?
2, 5
Let u = 43 - 38. Suppose 2*x - 2*d = -0*d + 172, -d + 430 = u*x. List the prime factors of x.
2, 43
Suppose 5*l + 406 = -194. Let z(d) = -d**3 - 14*d**2 + 26*d + 86. Let y be z(-15). Let j = y - l. List the prime factors of j.
41
Suppose -3*m + 22 + 16 = -4*s, 3*m - 2*s - 28 = 0. Let b(f) = -2*f - m - 7 - f + 10*f. List the prime factors of b(7).
2, 3
Let l = 24 - 27. Let v be 6/(-4)*10/l. Suppose 16 = 3*w + f - 19, w + v*f - 7 = 0. List the prime factors of w.
2, 3
Let c = -122 + 568. What are the prime factors of c?
2, 223
Let j(m) = 133*m**2 - 2*m + 1. Let i be (-1 - (-8)/6)*3. Let r be j(i). Suppose r = 4*a - 0*a. What are the prime factors of a?
3, 11
Let w = 2 - 2. Suppose -6*n + 8 - 122 = w. Let o = 7 - n. List the prime factors of o.
2, 13
Let o be (9/(-2))/(1/(-6)). Let w be 2/(1 - 21/o). Suppose w = -d + 27. What are the prime factors of d?
2, 3
List the prime factors of (1058/(-4))/(-6 - (-55)/10).
23
Let y = 31 - -7. Let b be 584/10 + y/(-95). Let d = 113 - b. List the prime factors of d.
5, 11
List the prime factors of 16*(1/(-1) + (-25 - -165)).
2, 139
Let p(r) = 4*r**2 + 9*r + 8. Let y be p(-5). Suppose -107 - y = -5*f. List the prime factors of f.
2, 17
Let y = -1767 + 3245. What are the prime factors of y?
2, 739
Suppose -4*t + 13 = -s, -t - 19 - 4 = 5*s. Suppose 3*q - 4*q + t*c = -111, -2*c = 4*q - 474. What are the prime factors of q?
3, 13
Suppose -3*h + 5*x - 2*x = -24, 36 = 5*h - 4*x. Suppose -b = -t + 61, 5*b + 238 = 4*t + h*b. What are the prime factors of t?
59
Suppose -8*c - 209 = 223. Let d = 12 - c. List the prime factors of d.
2, 3, 11
Suppose -19*o + 14037 = -10549. What are the prime factors of o?
2, 647
Suppose 365 + 295 = 5*z. Let k = -74 + z. What are the prime factors of k?
2, 29
Suppose -5*b = -a - 115, -4*b - 2 - 18 = 0. Let u = a - -200. Let w = 23 + u. List the prime factors of w.
83
Suppose 10*j - 5253 = -7*j. List the prime factors of j.
3, 103
Let u be 1/(20/(-12) - -2). Suppose 0 = 3*n + u*n - 1020. List the prime factors of n.
2, 5, 17
Suppose 4 = 8*r + 20. What are the prime factors of -82*(-10)/25 - r/10?
3, 11
Suppose 0*n - n + 35 = 0. Suppose -7 - n = -o. List the prime factors of o.
2, 3, 7
Let s = 1031 - 715. List the prime factors of s.
2, 79
Let t be (42 - 32)*196/10. Suppose -d = -3*o + t, -o - 2*d = -4*o + 194. List the prime factors of o.
2, 3, 11
Let p = 9 - 9. Suppose 8*j - 808 - 264 = p. List the prime factors of j.
2, 67
Suppose 2*f = -0*f + 12. Let l be ((-3)/f)/(1/(-42)). Let a = 30 - l. List the prime factors of a.
3
What are the prime factors of 42 - 45 - (1 + -246)?
2, 11
Suppose -4*s + 0*s = -16. Let h(p) = p - 6*p + s*p + 8 + 2*p. What are the prime factors of h(12)?
2, 5
Let g(r) = r + 9. Let a be g(-5). Let d be 3 - (5 - a)*3. List the prime factors of (-2 - d - -39) + -4.
3, 11
Suppose w - 51 = -2*w. Suppose 0 = -4*f + 78 - 94. What are the prime factors of f*(-5)/5 + w?
3, 7
Suppose i + 588 = 4*i. Suppose -v - 4*w = -55, 5*w - i = -4*v + w. Let u = 118 - v. List the prime factors of u.
71
Let n be (-2)/4*98/1. Let p = -65 + 63. List the prime factors of (-231)/n + p/(-7).
5
Suppose -2 = -2*t - 2*y, -25 = -4*t - t - y. What are the prime factors of (4/(-10))/(t/(-390))?
2, 13
Let u be -7 + -152 + (2 - 4). Let q be (0 + 1)/((-7)/u). Suppose x = -4*z + 4*x + q, 3*z + 4*x - 36 = 0. List the prime factors of z.
2
Suppose -6 = 3*j, 318 = 2*v - 3*j - j. Suppose -v + 50 = -7*u. List the prime factors of u.
3, 5
Suppose 15*c + 24 = 144. What are the prime factors of c?
2
What are the prime factors of 3/2 + 15386/28?
19, 29
Let i = 17 + -26. Let j = i - -4. List the prime factors of (-178)/j - 10/(-25).
2, 3
Let k(v) = v**2 + 2*v - 1. Let l(a) = -a**2 - 5*a + 10. Let b be l(-7). Let i be k(b). Let m = i - 0. List the prime factors of m.
7
What are the prime factors of 620*(31/(-4) + 8)?
5, 31
Let t be (-7 + 13)/((-6)/(-4)). Let q(c) = c - 1. Let x(r) = 3*r**2 - 7*r + 9. Let n(g) = 4*q(g) + x(g). What are the prime factors of n(t)?
41
Let z = -14 - -5. Let j(o) be the third derivative of -o**4/24 - 2*o**3/3 + 24*o**2. List the prime factors of j(z).
5
Let p = 1251 + -519. What are the prime factors of p?
2, 3, 61
Suppose -f = -111 - 450. Let g = f - 356. What are the prime factors of g?
5, 41
Suppose 0 = 5*l - 4*q - 30, q - 2*q - 5 = 0. Suppose 82 = 3*v - l. What are the prime factors of v?
2, 7
Let j be ((-8)/2)/(0 + -1). Let y be 476/44 + 10/55. Suppose -a + 8 = j*v, y = a - 3*v - 25. List the prime factors of a.
2, 3
Let f be (0 - 12)/((-14)/7). Let r = f + -6. Suppose -6 + r = -2*o. List the prime factors of o.
3
Suppose 64*w - 15 = 69*w, w - 13337 = -4*u. List the prime factors of u.
5, 23, 29
Let j = 217 + 939. What are the prime factors of j?
2, 17
Let y(u) = 4*u**2 + 38*u - 34. List the prime factors of y(-19).
2, 43
Suppose 6*f + t = 4*f + 1107, 0 = f + 3*t - 551. List the prime factors of f.
2, 277
Suppose 143*c - 141*c - 1394 = 0. List the prime factors of c.
17, 41
Suppose 4*l = 0, -2*s = -2*l - 8 - 14. Suppose -6*q = -s*q. Suppose q = -a - b + 37 - 3, 5*a = -3*b + 168. List the prime factors of a.
3, 11
Let p = 53 + -84. Let s = 36 + p. List the prime factors of s.
5
Let t be (-20)/25*(-290)/(-4). Let f = t + 81. List the prime factors of f.
23
Let x(g) = 109*g**2 + 9*g + 4. What are the prime factors of x(2)?
2, 229
Let l(x) = 6*x + 7. Let n be 11 + -4 + 5 + 1. What are the prime factor